*b**3 - 2*b**2 + b + 2. Calculate the remainder when v is divided by t(2).
18
Let h(g) = -g**2 + 9*g + 5. Calculate the remainder when 91 is divided by h(6).
22
Let g(h) = 9*h**2 + 4*h + 2. Let b be g(-4). Let p = b - 92. Suppose -2*q = 2*q + 4*d - 36, 2*q - 4*d = 42. Calculate the remainder when p is divided by q.
12
Suppose -3*a + 24 - 6 = 0. Calculate the remainder when 10 is divided by a.
4
Suppose 3*b - b = 5*y - 66, -3*b + 76 = 5*y. What is the remainder when 25 is divided by y?
11
Suppose -30*g = -32*g + 16. Calculate the remainder when 13 is divided by g.
5
Let z(i) = 1 - 4 + 16*i + 4. Calculate the remainder when z(1) is divided by 6.
5
Suppose -11*j = -j - 60. Suppose -18 + 2 = -4*o. What is the remainder when j is divided by o?
2
Let s(j) = 6*j + 3. Let x be s(8). Suppose -4*f = -f - x. Let r = f + 24. What is the remainder when r is divided by 14?
13
Let q = 25 + -18. Suppose 5*t - 5*r = 123 - 33, 4*r - 54 = -5*t. Let a = 13 + t. What is the remainder when a is divided by q?
6
Let w be 1/(-3) - 28/(-12). Suppose -c - w*q = -4*q - 8, -32 = -4*c + 3*q. What is the remainder when c is divided by (9 - 7)*(-6)/(-4)?
2
Let q = 3 - -2. Calculate the remainder when 5 + q/((-5)/(-3)) is divided by 5.
3
Suppose 15 = 3*z, 3*q - 8*q + z = -115. Let s = q + -1. Calculate the remainder when s is divided by 8.
7
Suppose -g = -3*q + 8, 0 = 2*g - 6*q + q + 14. Let p = g + 12. Calculate the remainder when (-264)/(-15) - (-4)/p is divided by 10.
8
Suppose -252 = -b - 5*b. Calculate the remainder when 165 is divided by b.
39
Let w = -60 - -66. What is the remainder when 38 is divided by w?
2
Let v(o) = -o**2 + 3*o. Let p(i) = -i**2 + 4*i - 1. Let z(y) = 6*p(y) - 7*v(y). What is the remainder when 47 is divided by z(-6)?
11
Let g = 73 - 47. Calculate the remainder when 75 is divided by g.
23
Let z = 6 + -3. Let d(a) = 4*a. Calculate the remainder when 23 is divided by d(z).
11
Let o be -2 + (-12 - -1) - 2. Let w = o - -32. What is the remainder when w is divided by -1 - -1 - (-8 + -1)?
8
Let l(f) = 8*f**2 - 2*f - 2. What is the remainder when l(-2) is divided by 7?
6
Suppose -12*s = -5 - 103. Calculate the remainder when 32 is divided by s.
5
Let d(h) = 3*h - 3. Let l be d(2). Calculate the remainder when 21 is divided by (24 + 9)*1/l.
10
Suppose -h + u - 5 = 0, 10 = -2*h + 4*h + 3*u. Let r(o) = 18*o + 1. Let f be r(h). Let w = f - -28. What is the remainder when 20 is divided by w?
9
Suppose -3*d + 21 = -0*d. What is the remainder when 26 is divided by d?
5
Let d(r) be the first derivative of -r**2/2 + 13*r + 7. Calculate the remainder when d(11) is divided by (-1)/(-3)*(-12)/(-2).
0
Let f(k) = 7*k**3 + k**2 - k - 1. Let t be f(-1). Let i(j) = j**2 - 6*j + 6. Let r be i(5). Calculate the remainder when 13 is divided by 0 + (r + 0 - t).
6
Let y be (2/4*0)/(-1). Suppose 0 = 4*l - 0*l. Suppose y = -3*m + 2*a + 35, 2*m + 5*a - 55 = -l*m. Calculate the remainder when 44 is divided by m.
14
Let d be ((-3)/((-6)/(-4)))/1. Let y = 3 - -6. Let a = y - d. Calculate the remainder when 31 is divided by a.
9
Suppose -3*m = 3*a - 288, -a - 4*m + 87 = -9. What is the remainder when a is divided by 20?
16
Let h(k) be the first derivative of -k**3/3 - 6*k**2 + 6*k - 6. What is the remainder when h(-10) is divided by 7?
5
Let l(s) = -s**3 + 10*s**2 - 3*s. What is the remainder when l(9) is divided by 11?
10
Suppose -3*y = -39 + 3. Let f(d) = -2*d + 1. Let n = -6 - -3. Calculate the remainder when y is divided by f(n).
5
Suppose 2*m - 3*m - 2 = 0. Let h(p) = -8*p - 1. Calculate the remainder when h(-3) is divided by (m/5)/(1/(-30)).
11
Let r(b) = -5*b - 1. Suppose 22*o - 19*o - 162 = 0. Calculate the remainder when o is divided by r(-4).
16
Let r(l) = 5*l**2 + 3*l - 2. Suppose 1 + 7 = 4*m. Suppose m*g - 10 = -3*t + 8, g = 3*t + 18. Calculate the remainder when r(-3) is divided by g.
10
Suppose 0*z + 3*q = -4*z + 62, 5*z + 4*q - 78 = 0. Suppose 0 = 2*y - 44 + z. Let r(p) = 42*p**2 + p + 2. What is the remainder when r(-1) is divided by y?
13
Let u(y) = -y**3 + 8*y**2 - 7*y + 6. Let r be u(7). Suppose 0 = 2*x - 10, -36 - r = -i - 5*x. Let d = 7 - -43. Calculate the remainder when d is divided by i.
16
Let g(v) = 2*v**2 - 2*v - 1. What is the remainder when 16 is divided by g(2)?
1
Let h(z) be the first derivative of -5*z**2/2 - 6*z - 8. What is the remainder when h(-8) is divided by 9?
7
Suppose 4*j + 0*q - 146 = q, 2*q - 32 = -j. Calculate the remainder when j is divided by 19.
17
Let j(t) = -t**3 - 5*t**2 - 5. Suppose -18 = 6*n - 3*n. Calculate the remainder when j(n) is divided by 8.
7
Let y = 3 - 5. Let b = 8 - y. Suppose 0 = -2*o + 95 - 39. What is the remainder when o is divided by b?
8
Let h(n) = n - 7. Calculate the remainder when 97 is divided by h(16).
7
Calculate the remainder when 63 is divided by (-62)/22 - -3 - (-172)/22.
7
Let u be 2/8 - (-14)/8. Suppose -2*b - 6 = -2*g, -2*b - 22 + 4 = -5*g. Calculate the remainder when 2 is divided by (-3)/(-2) + u/g.
0
Suppose -7*i + 22 = -5*i. What is the remainder when 107 is divided by i?
8
Let m(b) = 6*b**2 - 3*b - 2. Suppose 0*a = 4*a, 2*r + 4*a = 44. Calculate the remainder when m(3) is divided by r.
21
Suppose 0 = -23*r + 19*r + 224. Calculate the remainder when 222 is divided by r.
54
Let b(a) = 2*a - 3. Let z be b(2). Suppose 3*n + 2*d = 7, n - d = 4*n - 5. Let s = z + n. Calculate the remainder when 4 is divided by s.
0
Suppose 5 + 11 = 2*k. Let j(g) = 8 - k - g. Calculate the remainder when 8 is divided by j(-3).
2
Suppose 5*q - 4*y = 146, -y = -5*q + 175 - 41. Let v = 0 + 9. What is the remainder when q is divided by v?
8
Let v = -8 + -3. Let h = 2 - v. Calculate the remainder when 25 is divided by h.
12
Let w(p) = -p + 27. Suppose -9 = -l - 3*g, 0 = -g - 0*g + 3. What is the remainder when 105 is divided by w(l)?
24
Suppose 0 = -p + 5*z + 21, 20 = -p + 2*p - 4*z. What is the remainder when p is divided by 10?
6
Let b(l) be the second derivative of 5*l**3/2 - l**2/2 - 3*l. Let a = 0 + 3. What is the remainder when b(a) is divided by 15?
14
Suppose -3*o + 16 = 5*n, 2*o - 6*o + 4*n - 32 = 0. Let v = 17 + o. What is the remainder when 41 is divided by v?
13
Suppose -77 - 211 = -16*q. Calculate the remainder when 107 is divided by q.
17
Let u be 29*-3*(-1)/3. Suppose 5*q - 164 = 2*h - u, q - 4*h = 9. What is the remainder when q is divided by 15?
14
Let j(f) = 7*f + 41. What is the remainder when j(6) is divided by 21?
20
Let t(k) = -k**2 - 2*k + 6. Let q be t(-5). What is the remainder when (7 + q)*(1 + -15) is divided by 10?
8
Let o(x) = x - 1. Let f be o(5). Suppose 4*b + f*t - 124 = 16, 4*b = -t + 125. Calculate the remainder when b is divided by 8.
6
Suppose 5*s + 90 = 5*a, -4*a + a + 51 = -4*s. Calculate the remainder when a is divided by 4.
1
Suppose 12 = 2*m + 2*l, -3*m = -6*m + 3*l + 36. Let q = 18 + 17. What is the remainder when q is divided by m?
8
Calculate the remainder when 1 - 12*(-3 - 0) is divided by 10.
7
Let a = -7 - -116. Suppose -6*p + 87 = 2*i - p, 4*i - 3*p = a. Calculate the remainder when i is divided by 16.
15
Let n(p) = p**2 + 3*p. Let d be n(-3). Let g(j) = -2*j**2 + j + 4. Let u be g(2). Let w = d - u. What is the remainder when 5 is divided by w?
1
Suppose 4*c = -3*f + 317, c + 3*f = -2*f + 92. What is the remainder when c is divided by 26?
25
Let h(o) be the first derivative of 6*o - 5 + 7/2*o**2 + 1/3*o**3. Calculate the remainder when 9 is divided by h(-7).
3
Calculate the remainder when 5*-3*(3 + -4) is divided by 6.
3
Let y = -32 + 46. Let c be (-2 + 5)/(2 + -1). Calculate the remainder when 13/c*(-2 - -8) is divided by y.
12
Let r(y) = -y + 28. Let a be r(0). Suppose 2*g + 2*t = t + a, 4*t = -5*g + 67. Calculate the remainder when 43 is divided by g.
13
Suppose -4*t = -20, -2*t = -0*i + 5*i + 155. Let k = i + 66. Calculate the remainder when k is divided by 18.
15
Let j = 6 - 13. Let q(r) be the first derivative of -3*r**2/2 + 7*r - 54. What is the remainder when q(j) is divided by 15?
13
Suppose 65 = -2*w + 5*c, 46 = -3*w + c - 45. Calculate the remainder when ((-6)/10)/(2/w) is divided by 5.
4
Let t = -22 - 54. Let d = t + 131. Let k = 80 - d. What is the remainder when k is divided by 13?
12
Let o(z) = -z + 9. Let l(f) = 2*f - 3 - 2*f**2 + f + 0*f + 4*f**2. What is the